240 + q. What is the greatest common factor of d and w?
5
Let n(k) = 8*k - 7. Let b be n(5). Let l = -21847 + 21891. What is the highest common divisor of l and b?
11
Let a(b) = -3*b**3 + 59*b**2 - 361*b + 7640. Let m be a(20). Let s be (5 + 1)*(-10)/(-1). What is the highest common factor of m and s?
20
Let w be 2895/(-12) - 30/(-24). Let a = w + 288. What is the highest common factor of 16 and a?
16
Let a = -205 + 637. Suppose -w = 0, -4*g + g + 48 = -4*w. What is the greatest common divisor of g and a?
16
Let c(w) = -10*w + 80. Let b(z) = z**3 - 18*z**2 + 52*z + 9. Let r be b(4). Let l be c(r). Calculate the highest common divisor of l and 375.
75
Let v(m) = 26*m - 189. Let p be v(0). Let a = 197 + p. Calculate the highest common divisor of a and 32.
8
Let u be -1 + -4 + 18/(18/3). Let m be (-8*5/50)/(u/190). What is the greatest common factor of m and 12?
4
Suppose 5*y - 2*y + 4263 = 52*y. Suppose -4*x + 2*w - 4*w = -3820, -5*x + w + 4789 = 0. Calculate the greatest common divisor of y and x.
87
Suppose -3*x + 330 = 4*m, -x - x + 206 = -2*m. Let k = -18 + x. Suppose k = -74*v + 76*v. Calculate the greatest common factor of v and 33.
11
Suppose -104092 + 98852 = -5*q. Calculate the greatest common divisor of q and 72.
8
Suppose 33*a + 180 = 23*a. Let o = 200 + a. Calculate the greatest common divisor of 14 and o.
14
Let l be 2 + (-12)/12*1*-8. Let q(s) = -s**3 + 17*s**2 + 10*s - 10. Let x be (13/(-13))/(1/(-17)). Let c be q(x). What is the greatest common factor of c and l?
10
Suppose -x - 37*x - 71701 = -223549. What is the highest common divisor of 24 and x?
12
Let k(t) = -2*t**2 - 45*t - 91. Suppose 0 = -44*s - 860 + 112. Let l be k(s). Calculate the highest common divisor of l and 160.
32
Suppose 0 = -6*d + 263 - 23. Let b(u) = u**2 - 19*u - 96. Let s be b(d). Calculate the highest common factor of 24 and s.
24
Let u be (72/(-144))/((-2)/5044) + -3. Calculate the highest common divisor of 34 and u.
34
Let h(l) = -4*l**2 + 86*l + 33. Let p be h(26). Let r = p + 459. What is the highest common divisor of r and 132?
12
Suppose 2*g = 4*c + 6*g - 136, -72 = -3*c + 3*g. Suppose 27*x - c*x + 288 = 0. Suppose -10*t + 106 = -x. Calculate the greatest common factor of t and 25.
25
Let g(p) = -p**2 + 9*p + 14. Let i be g(10). Suppose -6*w - 2 = -8*w, 118 = i*t - 2*w. Calculate the greatest common divisor of 225 and t.
15
Let a(m) = -m**3 - 31*m**2 + 64*m - 41. Let j be a(-33). Calculate the greatest common divisor of 8100 and j.
25
Let v be (3 + -4 + -13)*(80 - 82). Calculate the highest common factor of 1192 and v.
4
Suppose 6*k + 2*k - 303 = 529. Calculate the greatest common divisor of 11752 and k.
104
Let b = -25114 - -32823. Calculate the greatest common divisor of 117 and b.
13
Let d = -6267 + 6307. What is the greatest common factor of d and 568?
8
Let i be -10*(0 - 3)/3*(44 - 43). Calculate the greatest common factor of i and 13990.
10
Suppose -4*p = -p - 4224. Suppose 2*g + 5*x = 6*g - 79, 0 = -2*g - 5*x - 13. What is the greatest common factor of g and p?
11
Let g be 28/3*3 + -1. Suppose -22 + g = d. Let y be (1/(-4))/(d/(-980)). What is the highest common divisor of 7 and y?
7
Let u be -3 + 8/(-16)*6 + 34. Calculate the highest common factor of 11368 and u.
28
Suppose -s = w - 6, 21*s = 26*s - 4*w - 93. Let t be 0/(0 - -1 - 0). Suppose t*l + 5*c = -l - 7, -l = c - 9. Calculate the greatest common factor of s and l.
13
Suppose -5*i + 2*i = i - 884. What is the greatest common divisor of i and 1027?
13
Let v = -240 + 243. Suppose -v*l + 0 + 6 = 0. What is the greatest common factor of l and 32?
2
Let w(p) = 65*p**2 - 8*p - 125. Let m be w(-15). What is the greatest common divisor of 86 and m?
86
Suppose -137 - 121 = -6*z. Suppose -15*v + 1837 = -3968. Calculate the highest common factor of z and v.
43
Let x = 33973 - 32263. What is the highest common factor of x and 2052?
342
Suppose 2*j + 4*s = 12, -4*j + 33 = s - 12. What is the highest common divisor of j and 8376?
12
Let f be (26/(-3))/(10 + (-2720)/270). Let x be ((-19)/(-2))/(1/2). Let q = x - -20. What is the highest common divisor of f and q?
39
Let h be (332/28 + -5)*21. Suppose 2*n = -3*s + 435, 0 = 9*s - 10*s - n + h. What is the greatest common factor of 7 and s?
7
Let b(m) = 2*m + 20. Let i be b(-10). Suppose -6*a - 4*n = -2*a, a + 4*n = i. Suppose f = -a*f + 209. Calculate the highest common divisor of f and 19.
19
Let u be 107 + 1/2*594/(-33). What is the highest common factor of 2107 and u?
49
Let o(q) be the second derivative of -q**4/12 + 3*q**3/2 + 3*q**2 - 3*q. Let p be o(9). Let v = 694 + -670. Calculate the highest common divisor of p and v.
6
Let c(f) = f**3 - 2*f**2 + 6*f. Let h be c(6). Let s be (-6)/4*(0 - 2). Suppose s*k - h = 48. What is the highest common factor of 19 and k?
19
Suppose -5*l = 2*c - 300 + 333, 5*c - 66 = 4*l. What is the greatest common divisor of 22998 and c?
6
Let v be (-48267)/(-186)*40/3. Calculate the greatest common factor of 160 and v.
20
Let r = 3988 - 3548. What is the highest common divisor of r and 35?
5
Let y(h) = -170*h + 755. Let n be y(4). Let m be 46 + (2/1)/(-2). Calculate the highest common divisor of n and m.
15
Let n be 2 + 6/8 + (-10)/(-8). Suppose 36 = -n*o - 4*v, -4*o + 0*o + 3*v = 1. Let i be o/(-1)*(-2 - -4). Calculate the highest common divisor of 16 and i.
8
Suppose -o + l + 9724 = 4*o, -2*o = -4*l - 3868. Calculate the greatest common factor of o and 14.
14
Let z(c) = 18 + 8*c + 2*c - c**2 + 2*c**2. Let g be z(-8). Let o = -135 - -136. Calculate the highest common divisor of g and o.
1
Suppose -56*i + 119*i - 61*i - 52506 = 0. Calculate the greatest common factor of i and 9.
9
Let q = 3756 + -3696. Calculate the highest common factor of q and 32280.
60
Suppose 5*r - 6 = 4. Let z = r + -2. Suppose 9*u - 6*u - 105 = z. What is the greatest common divisor of 14 and u?
7
Let b = 201 - 201. Let k = 6 - b. What is the highest common divisor of 30 and k?
6
Let j(l) = -l**2 + 29*l + 42. Let u be j(21). Suppose 0 = -b - a + 34, -4*b + 88 = -3*a - 20. Calculate the greatest common factor of b and u.
30
Let w(y) = -5*y**3 + 16*y**2 - 18*y - 152. Let k be w(-6). Calculate the highest common divisor of 39 and k.
13
Suppose 3 = b - 5*s, 6*b - 2*b - 12 = s. Suppose 12 = b*j - 3. Suppose -2*i + 84 = j*i. Calculate the greatest common factor of i and 30.
6
Let g(h) = 18*h**2 - 177*h - 1233. Let x be g(-7). Calculate the highest common factor of x and 5106.
222
Suppose -39*a + 8364 = a + 11*a. Calculate the greatest common factor of a and 1394.
82
Let c be (-85)/7 + 2 + (-5)/(-35). Let o be (-1 - c) + 15/5. Calculate the greatest common divisor of o and 132.
12
Let t be (269/(-2))/(4/144*-2). What is the greatest common divisor of t and 36?
9
Suppose i = r - 4*r + 147, -5*i - 2*r = -709. Suppose -7*b = -i - 125. What is the highest common divisor of 2 and b?
2
Let v be (-9)/(450/(-20))*-10 + (146 - -2). Calculate the highest common divisor of v and 736.
16
Let o(x) = x**2 + 13*x + 29. Let l be o(-12). Let m = l - 23. Let k be (-2444)/(-39) + (-2)/m. Calculate the greatest common divisor of k and 9.
9
Let o be (0 - 15/(-15)) + -1 + 31. Let f = -102 - -46. Let g be 1/4 - 6930/f. What is the greatest common divisor of o and g?
31
Suppose -2526 - 6834 = -39*n. Let v = 147 - -3. What is the highest common factor of n and v?
30
Suppose -5*b + 2*z + 4951 = 0, -441 = -4*b - 2*z + 3509. Calculate the greatest common factor of b and 860.
43
Let m(s) = 1309*s - 53. Let v be m(2). Let k be v/228*(-8)/(-6). What is the greatest common factor of k and 405?
15
Suppose 4330*h = 4326*h + 4*l + 364, 2*h - 133 = -5*l. Suppose 0 = -3*y + 5*y - 672. What is the highest common factor of h and y?
84
Let z be (63/(-42))/(6/112). Let q be 491/(-4) - (-7)/z. Let w = q + 144. Calculate the highest common divisor of w and 105.
21
Let b = 38 + -23. Let s(v) = 9 - 2*v - 14*v + b*v. Let n be s(5). What is the highest common divisor of 2 and n?
2
Suppose 8*m = 17*m - 162. Suppose m*d - 8932 = -10*d. What is the highest common divisor of 11 and d?
11
Suppose 5*s - 285 = 24*s. Suppose -4*x - 2*f = -76, 7*f + 8 = 3*f. Let y = x + s. What is the highest common divisor of 2 and y?
1
Let k be 10 - (-2873 + 21 - 19). What is the highest common factor of 172 and k?
43
